{"id":29,"date":"2015-01-14T11:50:32","date_gmt":"2015-01-14T10:50:32","guid":{"rendered":"http:\/\/demo.wpzoom.com\/angle\/?page_id=29"},"modified":"2019-02-09T16:46:45","modified_gmt":"2019-02-09T15:46:45","slug":"herbsttagung_2015-2","status":"publish","type":"page","link":"https:\/\/www.dnjv.eu\/?page_id=29&lang=de","title":{"rendered":"Herbsttagung 2015"},"content":{"rendered":"<p><span style=\"font-family: Arial,Helvetica;\">Die Herbsttagung 2015 fand in Berlin am 11.-13.09.2015 zum Thema <b>Recht und Politik<\/b> statt.<\/span><!--more--><\/p>\n<hr \/>\n<h3 style=\"text-align: center;\">Herbsttagung vom 11. bis 13. September 2015<br \/>\nin Berlin<\/h3>\n<h3 style=\"text-align: center;\">Thema: Recht und Politik<\/h3>\n<table cellpadding=\"10\">\n<tbody>\n<tr>\n<td colspan=\"3\" align=\"left\" valign=\"top\">\n<h3><small>Die Pr\u00e4sentation der Vortr\u00e4ge<\/small><\/h3>\n<\/td>\n<\/tr>\n<tr>\n<td align=\"left\" valign=\"top\">El\u00edn Flygenring, Isl\u00e4ndisches Au\u00dfenministerium<\/td>\n<td align=\"left\" valign=\"top\"><a href=\"http:\/\/www.dnjv.org\/15Berlin\/Flygenring_Nordic_Co-operation.pdf\"> Nordic Programme for co-operation on legislative affairs 2015 &#8211; 2018<\/a><\/td>\n<\/tr>\n<tr>\n<td align=\"left\" valign=\"top\">Sebastian Scheiman, Centrum f\u00f6r r\u00e4ttvisa, Stockholm<\/td>\n<td align=\"left\" valign=\"top\"><a href=\"http:\/\/www.dnjv.org\/15Berlin\/Scheiman_Rights_of_Individuals.pdf\"> Increasing the rights of individuals through litigation<\/a> mit dem schwedischsprachigen <a href=\"http:\/\/www.dnjv.org\/15Berlin\/Handboken_webb.pdf\">Handbok f\u00f6r fri- och r\u00e4ttigheter <\/a>des Centrum f\u00f6r R\u00e4ttvisa<\/td>\n<\/tr>\n<tr>\n<td align=\"left\" valign=\"top\">Dr. Bernhard Dietrich, Richter am Kammergericht, Berlin<\/td>\n<td align=\"left\" valign=\"top\"><a href=\"http:\/\/www.dnjv.org\/15Berlin\/Dietrich_Kapitalmarkt_Publ.pdf\">Politik, Wissenschaft und Rechtsprechung im Vermeidungswettbewerb bei der Bew\u00e4ltigung des grauen Kapitalmarkts?<\/a><\/td>\n<\/tr>\n<\/tbody>\n<\/table>\n<p>&nbsp;<\/p>\n","protected":false},"excerpt":{"rendered":"<p>Die Herbsttagung 2015 fand in Berlin am 11.-13.09.2015 zum Thema Recht und Politik statt.<\/p>\n","protected":false},"author":1,"featured_media":4671,"parent":0,"menu_order":0,"comment_status":"open","ping_status":"closed","template":"","meta":{"footnotes":""},"class_list":["post-29","page","type-page","status-publish","has-post-thumbnail","hentry"],"lang":"de","translations":{"de":29,"en":8529,"nb":8532,"da":8535,"fi":8538,"sv":8541},"pll_sync_post":[],"_links":{"self":[{"href":"https:\/\/www.dnjv.eu\/index.php?rest_route=\/wp\/v2\/pages\/29","targetHints":{"allow":["GET"]}}],"collection":[{"href":"https:\/\/www.dnjv.eu\/index.php?rest_route=\/wp\/v2\/pages"}],"about":[{"href":"https:\/\/www.dnjv.eu\/index.php?rest_route=\/wp\/v2\/types\/page"}],"author":[{"embeddable":true,"href":"https:\/\/www.dnjv.eu\/index.php?rest_route=\/wp\/v2\/users\/1"}],"replies":[{"embeddable":true,"href":"https:\/\/www.dnjv.eu\/index.php?rest_route=%2Fwp%2Fv2%2Fcomments&post=29"}],"version-history":[{"count":9,"href":"https:\/\/www.dnjv.eu\/index.php?rest_route=\/wp\/v2\/pages\/29\/revisions"}],"predecessor-version":[{"id":4859,"href":"https:\/\/www.dnjv.eu\/index.php?rest_route=\/wp\/v2\/pages\/29\/revisions\/4859"}],"wp:featuredmedia":[{"embeddable":true,"href":"https:\/\/www.dnjv.eu\/index.php?rest_route=\/wp\/v2\/media\/4671"}],"wp:attachment":[{"href":"https:\/\/www.dnjv.eu\/index.php?rest_route=%2Fwp%2Fv2%2Fmedia&parent=29"}],"curies":[{"name":"wp","href":"https:\/\/api.w.org\/{rel}","templated":true}]}}